t q(r) = 10*r**3 + 13*r**2 - 41*r + 183. What is the units digit of q(12)?
3
Let g(u) = 34*u**2 + 73*u + 579. What is the units digit of g(37)?
6
Let l(j) = 275*j - 222. What is the hundreds digit of l(29)?
7
Let g(a) = 648*a + 1687. What is the thousands digit of g(10)?
8
Suppose q = -5 - 5. Let r = 13 + q. What is the tens digit of -24*(-5 + r - 0)?
4
Let x(p) = 36*p + 86. Suppose 33*y + 90 = 39*y. What is the hundreds digit of x(y)?
6
Let z be (-147)/(-42)*11916/21. Suppose z = -38*j + 44*j. What is the hundreds digit of j?
3
Let g be (-6)/(-21) - (-29588)/28. Let h = g - 735. Suppose -3*s = -4*v + 5*v - 314, -h = -3*s - 5*v. What is the units digit of s?
4
Suppose -c + 5*w = 7*w - 16, -5*w + 10 = 0. Suppose 4569 = 15*v - c*v. What is the thousands digit of v?
1
Let g = -173 + 179. What is the units digit of -4 - (g + -5)*-16?
2
Let u = 46335 - 34277. What is the units digit of u?
8
Let y be 0 - (6 + -3 + -4). Let x(g) = 33*g + 5. Let d be x(y). Let f = d - 23. What is the units digit of f?
5
Let g(b) = b + 11. Let c = -18 + 11. Let j be g(c). Suppose -80 = -q - j*q. What is the units digit of q?
6
Let i(s) = 29*s + 58. Let b(d) = 59*d + 117. Let o(w) = -3*b(w) + 7*i(w). Let r be o(11). Let j = r - 207. What is the hundreds digit of j?
1
Let d = 248 - 243. Suppose 0 = -5*h - 0*f - 4*f + 1743, -357 = -h - d*f. What is the hundreds digit of h?
3
Let h be (-58)/87 + -7*26164/(-6). Suppose 42*v - 100748 + h = 0. What is the thousands digit of v?
1
Let y be (0 - -4) + -21 + 38. Suppose -y = -10*g + 3*g. What is the units digit of 28/(-24)*-2*g?
7
Let v(o) = 586*o + 79. Let r be v(5). Suppose 5*z - r = -2*j, -4*j + 165 + 2838 = 5*z. What is the hundreds digit of z?
6
Let v(k) = 5*k**3 - 7*k**2 + 3*k - 2. Let f(j) = j**3 - j**2 + j. Let l(b) = -6*f(b) + v(b). Let a be l(-3). What is the tens digit of 15 + -5*(-5)/a?
1
Let y = -35 + 19. Let z = 18 + y. Suppose z*x + 6*x = 712. What is the units digit of x?
9
Let w(m) = -25*m - 85. Let f(y) = 12*y + 21. Let r(a) = 11*a + 21. Let q(v) = 5*f(v) - 6*r(v). Let z(p) = -9*q(p) + 2*w(p). What is the units digit of z(-4)?
3
Let k(j) = j**2 - 4. Let o be k(-3). Let g be (2/4)/(o/(-1210)). Let h = g + 258. What is the tens digit of h?
3
Let n(o) = 5*o - 17. Let l be n(8). Let w = -38 + l. What is the hundreds digit of (12/w)/(-2*1/350)?
1
Let t be (14/(-6))/(1/12). Let a = 31 + t. Suppose -6*y = -a*y - 60. What is the tens digit of y?
2
Let g = 687 + 406. Let n = -640 + g. Suppose 5*p + 2*m = n, 368 = 3*p + p + 3*m. What is the units digit of p?
9
Let p(h) be the first derivative of h**5/30 + h**4 - 2*h**3 + 13. Let k(m) be the third derivative of p(m). What is the tens digit of k(12)?
7
Suppose 5*k - 149042 = -4*o, -189981 = -4*o + 16*k - 41065. What is the hundreds digit of o?
2
Let f(y) be the second derivative of 11*y**4/12 - 3*y**3/2 + 48*y**2 + 6*y. What is the hundreds digit of f(8)?
7
Let a(s) = s**3 - 3*s**2 - 8*s + 9. Let l(m) = m**3 - 2*m**2 - 7*m + 10. Let p(v) = -4*a(v) + 3*l(v). Suppose -b + 7 = 1. What is the units digit of p(b)?
0
Suppose -10*y - 5940 = y. Let t = y + 294. Let q = 377 + t. What is the tens digit of q?
3
Suppose -8*i = -19 - 21. Suppose -i*x + 9 = -31. Let z(u) = -u**3 + 8*u**2 - 2*u + 17. What is the units digit of z(x)?
1
Let s(t) = t**2 + 22*t + 18. Let r be s(-21). Let i be 69/(-6)*(-1 - r). Let a = 69 + i. What is the units digit of a?
6
Let k(x) = -x - 7*x + 5 - 9 - 24. Let c be k(-8). Suppose -c = -3*v + 2*v. What is the units digit of v?
6
What is the units digit of -18 - (-21 - 292559)/10?
0
Let k(h) = h**2 + 31. Let a(o) = o**2 - 2*o - 5. Let c be 1 + (0 - 2) - (-2)/(-1). Let v be a(c). What is the tens digit of k(v)?
3
Let i be -7 + 6 + (-1094)/(1 - -1). Let t = -18 - i. What is the units digit of t?
0
Let i(b) = -31827*b - 425. What is the hundreds digit of i(-1)?
4
Suppose -36*s = -37*s + 104. Let c = 106 - s. Suppose -5*n + 6*x + 285 = x, c*n + 5*x - 128 = 0. What is the tens digit of n?
5
Let y = -15316 - -27436. What is the units digit of y?
0
Suppose 65*v + 9040 = 698009 + 1183746. What is the ten thousands digit of v?
2
Let u(d) = 6*d - 22. Let c(k) = 2 + 11 + 6 - 18. Let b(y) = -6*c(y) - 2*u(y). What is the units digit of b(-7)?
2
What is the hundreds digit of (27297 + -1 + 8)/(0 + 1)?
3
Suppose 15 = -5*m, -4*s = -m - 62 + 7. Let x(d) = 1 - 2 + s*d + 18. What is the units digit of x(6)?
5
Let c = 51287 + -36521. What is the thousands digit of c?
4
Suppose -m + 3 = -7. Suppose -i = 2*f + i + 2, m = -f - 4*i. What is the units digit of f?
2
What is the units digit of 4155*((-310)/(-30) - 10)?
5
Let r be ((-45)/(-18))/((-7)/(-14)). Suppose 0 = -2*q + r*i + 2703 - 708, 4*q + 3*i - 3951 = 0. What is the hundreds digit of q?
9
Let y be 2/(1*(-1 - 1)). Let i(j) = -75*j + 27. What is the units digit of i(y)?
2
Let v = -32 - 63. Let a be 6/(-8) + v/(-20). Suppose -a*h + 459 = 5*d, -3*d + 5*h + 253 = -52. What is the tens digit of d?
9
Let d = -18415 + 20939. What is the thousands digit of d?
2
Suppose -8 = -8*k + 24. What is the hundreds digit of (-1092285)/(-609) - k/7?
7
Let i(a) = -2*a**2 + 66*a - 30. Let y be i(22). Let m = y - 163. What is the tens digit of m?
9
Let k be (3 - 123/9)*6. Let t = 541 + k. What is the hundreds digit of t?
4
Suppose 373*b - 160*b - 1028790 = 0. What is the thousands digit of b?
4
Let b(w) = w**3 - 4*w**2 - 3*w + 8. Let m be b(5). Suppose 0 = 4*q - 5*z + 11, -m = -3*q - z - 4*z. What is the hundreds digit of (-11)/(10/11 - q)?
1
Let h = 17221 - 7506. What is the thousands digit of h?
9
Suppose -98674 = -4*l - t, -l - 871 = -3*t - 25520. What is the ten thousands digit of l?
2
Let s(t) = t**3 - 2*t**2 - 4*t - 12. Let b be s(4). Suppose -3*i - 720 = -b*z + 539, -4*i = -3*z + 953. Suppose -2*p = -19 - z. What is the hundreds digit of p?
1
Let v(y) = 45705*y**2 + 11*y - 11. What is the hundreds digit of v(1)?
7
Suppose -5*k + k + 147090 = 5*v, 0 = -v - 6. What is the tens digit of k?
8
Suppose 7*k + 10*k - 3094 = 0. Let j be 4/14 - (-4249)/49. Let f = k - j. What is the tens digit of f?
9
Let n(h) be the third derivative of -h**6/120 - h**5/6 - 5*h**4/12 + 17*h**3/6 - 21*h**2. What is the tens digit of n(-13)?
5
Let g = -287 + 344. Let k = 707 - g. What is the hundreds digit of k?
6
What is the ten thousands digit of (7 - 51)/(-11) + 23533?
2
Let c = 40 - 36. Suppose 0 = u + 5*k - 141, -6*u + c*u - 5*k + 292 = 0. What is the hundreds digit of u?
1
Let m(u) = 339*u**2 - 129*u - 513. What is the thousands digit of m(-4)?
5
Suppose 2*p = 4*p + 4*b + 360, p + 160 = 3*b. What is the units digit of (p/(-6))/((-37)/(-222))?
2
Let a be (-6)/4*(-4)/(-8)*-4. Suppose 523 - 2137 = -a*p. What is the tens digit of p?
3
Let a(i) = -509*i - 61. Let o(q) = -505*q - 59. Let g(c) = -6*a(c) + 7*o(c). What is the thousands digit of g(-3)?
1
Let r be 18/(-4)*(4 - 80/15). Let p(z) = 6 - r*z - 2*z + 7*z + 4*z**2. What is the tens digit of p(6)?
4
Suppose 0*w + 5*y = 5*w, -5 = 2*w - 3*y. Let p be w*(51/15 + 1 + -4). What is the units digit of p/8 - (-237)/12?
0
Let h = 2983 + -1739. What is the units digit of h?
4
Let t = 19232 - 6483. What is the thousands digit of t?
2
Suppose -52 = u - 14*u. Suppose 3*b + 6 = u*r - 2*r, 0 = 4*r + 4*b - 12. Suppose -r*p = -469 + 121. What is the units digit of p?
6
Suppose -4*k = -0*k - 4*m - 20, -k + 9 = -3*m. Let y(z) be the first derivative of 5*z**3/3 + 7*z**2/2 - 22*z - 559. What is the units digit of y(k)?
4
Let o(g) be the first derivative of 6*g**3 + 25*g + 58. What is the units digit of o(5)?
5
Let l(m) = 43*m**2 + 173*m + 95. What is the tens digit of l(30)?
8
Let r = 156 - -30. Suppose 42 = -6*h + r. Suppose h*z - 38 = 22*z. What is the units digit of z?
9
Let r(m) = -m**3 - 2*m**2 - 2*m + 9. Let z be r(-4). Suppose 5*l - 1224 = -z. What is the units digit of l?
5
Let n(x) = -1437*x - 68. Let c be n(10). What is the hundreds digit of 23/230 - c/20?
7
Suppose -3*f = 3*o - 33057, 17*f + o + 44041 = 21*f. What is the ten thousands digit of f?
1
Let q = 24255 - 11579. What is the units digit of q?
6
What is the hundreds digit of 9*30/(-1755) + 522864/26?
1
Let o(p) = 216*p**2 - 4*p + 113. What is the thousands digit of o(6)?
7
Let m = -28 - -30. Suppose -2*a + 3*a - 579 = -4*b, -m*b + 5*a = -273. What is the tens dig